 and k.
20
Suppose 5*s + 11 = 66. Let i(t) = 7*t**2 + 4*t + 3. Let j be i(-4). What is the greatest common divisor of s and j?
11
Let q = 282 - -374. Suppose -2*k = -q + 170. Suppose -2*t + 5*t = k. What is the greatest common divisor of 9 and t?
9
Suppose 2*g = -4*q + 98, 22 = q - 0*g - 2*g. Calculate the greatest common divisor of 120 and q.
24
Suppose 0 = -4*k - 5*d - 192 - 155, 0 = -4*k + d - 377. Let o = k - -138. Calculate the greatest common factor of o and 5.
5
Let i(z) = -z**2 - 7*z + 10. Let t be i(-5). What is the highest common divisor of t and 8?
4
Suppose 2*f = -0*f + 100. Suppose 4*n + n - f = 0. Calculate the greatest common divisor of n and 80.
10
Let o = 63 + -203. Let y(i) = -i**3 + 4*i**2 + 7*i. Let h be y(6). Let m = h - o. Calculate the highest common factor of m and 10.
10
Suppose -u - 2*u = 5*b - 11, 2*u = -3*b + 7. Suppose 0 = -u*w - 4, -5*z + w + 28 + 24 = 0. What is the highest common divisor of z and 15?
5
Suppose -21 = -5*z + 3*u + 40, -3*z - 3*u + 51 = 0. Let a(j) = 1 - 5*j**2 + j**3 - 4 - 4 + 5*j. Let p be a(7). Calculate the highest common divisor of p and z.
14
Let f = -3 - -5. Let m(s) = 16*s**2 - s - 2. Let b be m(f). Calculate the greatest common divisor of 15 and b.
15
Suppose -2*d + 586 = 4*k, -4*k - 6 - 2 = 0. What is the greatest common factor of 33 and d?
33
Let m be 4*((-24)/28)/(2/(-14)). What is the greatest common factor of m and 16?
8
Let p be ((-185)/25)/(4/10)*-2. What is the highest common divisor of p and 333?
37
Let j = -20 - -29. Let p be (3/2)/(j/6). What is the greatest common factor of 9 and p?
1
Let j(p) be the second derivative of 3*p**3 - p**2 + 4*p. Let k be j(5). What is the greatest common divisor of k and 8?
8
Let c be (-16)/10*(-9 + -1). Calculate the highest common divisor of 80 and c.
16
Let i be (2/(-4))/((-17)/578). Let d = -8 + 25. Calculate the greatest common divisor of d and i.
17
Let z(c) = 8*c**2 + c. Let g be z(-1). Suppose -2*f + 2*y = -4, 12 = 4*f - 5*y + 3. Let a be -1 + f/(4/32). Calculate the highest common divisor of a and g.
7
Suppose 0 = j + 4*j - 495. What is the highest common divisor of j and 11?
11
Suppose 0 = 5*v + u + 111 - 39, 3*v + 2*u + 39 = 0. Let y be 5/2*(-24)/v. Calculate the greatest common divisor of y and 4.
4
Let s be ((-2)/4)/(2/(-12)). Let l be (40 + -2)/(s/15). Suppose -l = -4*h + 2. What is the highest common factor of 12 and h?
12
Suppose 0 = b - 4 - 8. Let k be (3/(-2))/(6/(-8)). Suppose -8 = k*a - 80. What is the greatest common factor of a and b?
12
Let i be (-2)/(-3) + (-102)/(-9). Suppose -8 = -4*d + 2*d. Calculate the highest common divisor of d and i.
4
Suppose -368 = -8*a - 0*a. Calculate the greatest common factor of 23 and a.
23
Suppose 3*i - 2 = 2*i + 2*c, 0 = -2*c. Suppose 2*x + 3 = -3*o - 0, -i*o = -2*x + 12. Calculate the greatest common factor of 9 and x.
3
Suppose -m + 127 = m + 5*v, -3*v = -9. Let q = 25 - 17. Calculate the greatest common factor of m and q.
8
Suppose 2*u + 10 = 4*u. Calculate the highest common factor of u and 45.
5
Let x = 4 - 1. Suppose -5*n - 2*a = 2*a - 54, -x*n + a = -46. Let h = 78 - 50. Calculate the greatest common divisor of n and h.
14
Let k be 2/(-10) + 802/10. What is the highest common factor of k and 10?
10
Let v = -1 + 4. Let l(z) = z**2 - z. Let d be l(v). Calculate the highest common factor of 60 and d.
6
Let z(y) = y - 35. Let j be z(0). Let v = 99 + j. What is the greatest common divisor of 8 and v?
8
Let k = 17 - 17. Suppose -g - 2*g + 12 = k. Calculate the greatest common factor of 1 and g.
1
Let k = -12 - -19. Let q be -4*k/((-21)/12). Suppose 2*r - 34 = 62. Calculate the greatest common divisor of r and q.
16
Suppose -3 + 9 = 2*t. Suppose 4*o - t*o = -y + 9, -2*y = -6. Let n be 28/o - 2/(-6). Calculate the greatest common factor of n and 55.
5
Let j = 89 - 64. Calculate the highest common factor of j and 20.
5
Suppose -2*n + n + 2 = 2*k, -5*n - 5*k + 10 = 0. Suppose 4 = -w - 3*a, -3*a - 2 = 4. What is the greatest common divisor of n and w?
2
Suppose 142 + 72 = -2*f. Let i = 152 + f. Let p = 24 + 6. What is the highest common factor of i and p?
15
Let s be -2*11*(-12)/8. What is the highest common divisor of s and 3?
3
Let c = -12 + 14. Let o be c + 4 + (0 - 1). Let w = 6 - 4. What is the highest common divisor of w and o?
1
Let c(m) be the first derivative of m**2 - 2*m - 1. Let i be c(3). Let q = i - -1. Calculate the highest common divisor of q and 55.
5
Let u be (-24)/20*(-5)/2. Let k(b) = -b**2 + 2*b - 1. Let z be k(2). Let n be 0/(u/z) - -40. What is the greatest common divisor of 8 and n?
8
Let g = -29 - -26. Let k be (-570)/40*(g + -1). What is the greatest common factor of 19 and k?
19
Suppose 4 = -4*s + 12. Let j(x) = -s - 3 + 4 - 4*x**2 + 3*x + 3*x**3. Let w be j(2). Calculate the highest common factor of 91 and w.
13
Let v be (3/6)/(1/2). Let d be (-1)/2 - 63/(-6). Suppose 6 = 5*x - 3*w, -d + v = -4*x + w. Calculate the highest common divisor of 6 and x.
3
Suppose q - 2 - 1 = 0. Calculate the highest common factor of 3 and q.
3
Let i be (-4)/(-6) + 56/6. Let l = 10 + -14. Let x be (-3)/(i/l + 2). Calculate the highest common divisor of 30 and x.
6
Suppose h + 4*r = -17, 0 = -h - 3*h + 4*r + 32. What is the greatest common divisor of 6 and h?
3
Let o be 3180/40 + 3/(-2). Calculate the greatest common factor of 52 and o.
26
Let z(k) = 7*k**3 + 2*k**2 - 2*k + 1. Let r be z(1). Calculate the greatest common factor of 64 and r.
8
Suppose -37 = 3*r - 8*r - x, -5*x = 15. Calculate the greatest common factor of 56 and r.
8
Suppose -3*r = -2*r - 4*i - 175, 595 = 4*r + 5*i. What is the highest common factor of r and 62?
31
Let b = 78 + -52. Calculate the greatest common divisor of b and 182.
26
Let p = -96 + 115. What is the highest common divisor of 171 and p?
19
Let o(x) = -x**3 + 6*x**2 + 3*x - 7. Let c be o(6). Let j = c + -1. Calculate the greatest common factor of 50 and j.
10
Suppose -k - 11 = -4*y, -2*k - 3*y = 2*k - 51. Suppose -2*j + k = 1. Calculate the highest common divisor of 12 and j.
4
Let l = -29 + 54. Suppose 17 = t + 7. What is the highest common factor of l and t?
5
Let j be 135/21 + 9/(-21). Calculate the greatest common factor of j and 42.
6
Let x(m) = -m + 1. Let a be x(-4). What is the greatest common divisor of 15 and a?
5
Suppose 2*z = -2 - 0. Let w = z - -2. Suppose 4*i - 3 = w. Calculate the greatest common divisor of i and 5.
1
Let u(n) = -n**3 + 5*n**2 + 6*n + 3. Let x be u(6). Let s be (21/3 - 3) + 16. Suppose -x*c + s = -c. What is the greatest common factor of c and 80?
10
Suppose 0 = -5*l + 5*n + 310, l + 0*l - 5*n = 62. What is the highest common divisor of 31 and l?
31
Let j be 24/(-10)*140/(-6). Calculate the highest common divisor of 7 and j.
7
Let h = -2 + 0. Let p = 4 + h. Let z = p - -4. Calculate the greatest common factor of z and 18.
6
Let t = 33 - 17. Calculate the highest common divisor of t and 2.
2
Let j be -2*3/(-2)*8/6. Let b(u) = 3*u - 1. Let y be b(1). What is the highest common factor of j and y?
2
Let z(h) = h - 11. Let c be z(11). Suppose c = -3*q + 2*m + 59, -3*q + m + 0*m = -61. Calculate the greatest common factor of 231 and q.
21
Suppose 4*c + 7*g - 745 = 2*g, -3*g = -5*c + 885. What is the greatest common divisor of c and 45?
45
Let i = -44 + 68. What is the greatest common factor of 192 and i?
24
Suppose 0*n - n = -w + 196, w = 4*n + 208. Calculate the greatest common factor of 12 and w.
12
Let l be 940/30 + (-1)/3. Suppose -2 = 3*k - 4*s - l, -4*k - 2*s + 68 = 0. Calculate the highest common factor of 10 and k.
5
Let b(v) = -v**3 + 26*v + 11. Let z be b(-5). Let t(x) = x + 8. Let r be t(-6). What is the greatest common factor of r and z?
2
Let g = 6 - 6. Suppose 4*w - 16 = -g*w. Calculate the greatest common factor of w and 1.
1
Suppose 0 = c - 3*c - 4*g + 8, 4*g = 2*c. Suppose 0 = -c*z + z + 2. Calculate the greatest common divisor of 6 and z.
2
Suppose -4*v + w + 7 = -1, -v + 2 = 4*w. Let h be 863/3 - (-3)/9. Suppose j = -v*j + h. What is the highest common divisor of 12 and j?
12
Let q be ((-16)/3)/(6/(-36)). What is the greatest common factor of q and 8?
8
Let c = -17 + 6. Suppose -7*k + k - 234 = 0. Let y = c - k. Calculate the highest common divisor of 14 and y.
14
Let c(a) = a**2 + 3*a - 7. Let p be c(4). Calc